{"version":"1.0","provider_name":"Raoul et Stefanie Moret, vins d'Aigle Grand Cru","provider_url":"https:\/\/www.moret.ch\/aigle","author_name":"Raoul Moret","author_url":"https:\/\/www.moret.ch\/aigle\/author\/admin\/","title":"Vignes - Raoul et Stefanie Moret, vins d'Aigle Grand Cru","type":"rich","width":600,"height":338,"html":"<blockquote class=\"wp-embedded-content\" data-secret=\"ASNSH6g0Qs\"><a href=\"https:\/\/www.moret.ch\/aigle\/nos-vignes-2\/\">Vignes<\/a><\/blockquote><iframe sandbox=\"allow-scripts\" security=\"restricted\" src=\"https:\/\/www.moret.ch\/aigle\/nos-vignes-2\/embed\/#?secret=ASNSH6g0Qs\" width=\"600\" height=\"338\" title=\"\u00ab\u00a0Vignes\u00a0\u00bb &#8212; Raoul et Stefanie Moret, vins d&#039;Aigle Grand Cru\" data-secret=\"ASNSH6g0Qs\" frameborder=\"0\" marginwidth=\"0\" marginheight=\"0\" scrolling=\"no\" class=\"wp-embedded-content\"><\/iframe><script type=\"text\/javascript\">\n\/* <![CDATA[ *\/\n\/*! This file is auto-generated *\/\n!function(d,l){\"use strict\";l.querySelector&&d.addEventListener&&\"undefined\"!=typeof URL&&(d.wp=d.wp||{},d.wp.receiveEmbedMessage||(d.wp.receiveEmbedMessage=function(e){var t=e.data;if((t||t.secret||t.message||t.value)&&!\/[^a-zA-Z0-9]\/.test(t.secret)){for(var s,r,n,a=l.querySelectorAll('iframe[data-secret=\"'+t.secret+'\"]'),o=l.querySelectorAll('blockquote[data-secret=\"'+t.secret+'\"]'),c=new RegExp(\"^https?:$\",\"i\"),i=0;i<o.length;i++)o[i].style.display=\"none\";for(i=0;i<a.length;i++)s=a[i],e.source===s.contentWindow&&(s.removeAttribute(\"style\"),\"height\"===t.message?(1e3<(r=parseInt(t.value,10))?r=1e3:~~r<200&&(r=200),s.height=r):\"link\"===t.message&&(r=new URL(s.getAttribute(\"src\")),n=new URL(t.value),c.test(n.protocol))&&n.host===r.host&&l.activeElement===s&&(d.top.location.href=t.value))}},d.addEventListener(\"message\",d.wp.receiveEmbedMessage,!1),l.addEventListener(\"DOMContentLoaded\",function(){for(var e,t,s=l.querySelectorAll(\"iframe.wp-embedded-content\"),r=0;r<s.length;r++)(t=(e=s[r]).getAttribute(\"data-secret\"))||(t=Math.random().toString(36).substring(2,12),e.src+=\"#?secret=\"+t,e.setAttribute(\"data-secret\",t)),e.contentWindow.postMessage({message:\"ready\",secret:t},\"*\")},!1)))}(window,document);\n\/* ]]> *\/\n<\/script>\n","thumbnail_url":"https:\/\/www.moret.ch\/aigle\/wp-content\/uploads\/2020\/04\/20200424_082006-scaled.jpg","thumbnail_width":2560,"thumbnail_height":1920,"description":"Terroir Nos vignes sont situ\u00e9es \u00e0 Aigle et b\u00e9n\u00e9ficient d&rsquo;un ensoleillement maximal. Notre sol est alluvionnaire dans la zone proche du Ch\u00e2teau d&rsquo;Aigle et issu de moraine lat\u00e9rale sur les terrasses de Plantour. La plupart des travaux sont manuels en raison de la forte pente des vignobles, de nos nombreux murs en pierre s\u00e8che et de nos objectifs de qualit\u00e9. Les vendanges sont donc \u00e9videmment effectu\u00e9es \u00e0 la main, de..."}

Terroir Nos vignes sont situées à Aigle et bénéficient d&rsquo;un ensoleillement maximal. Notre sol est alluvionnaire dans la zone proche du Château d&rsquo;Aigle et issu de moraine latérale sur les terrasses de Plantour. La plupart des travaux sont manuels en raison de la forte pente des vignobles, de nos nombreux murs en pierre sèche et de nos objectifs de qualité. Les vendanges sont donc évidemment effectuées à la main, de...
